at is the greatest common factor of 747 and 83?
83
Calculate the greatest common divisor of 2085 and 30.
15
Calculate the highest common factor of 1 and 72.
1
Calculate the highest common factor of 68 and 425.
17
What is the highest common factor of 48 and 36?
12
Calculate the greatest common factor of 16 and 268.
4
What is the greatest common divisor of 2596 and 1534?
118
Calculate the highest common factor of 4836 and 104.
52
Calculate the greatest common divisor of 68 and 12954.
34
What is the highest common factor of 441 and 637?
49
Calculate the greatest common divisor of 14619 and 33.
33
What is the highest common divisor of 360 and 280?
40
Calculate the highest common divisor of 2 and 2206.
2
Calculate the highest common factor of 1070 and 10.
10
Calculate the highest common divisor of 112 and 392.
56
Calculate the highest common divisor of 24 and 696.
24
What is the greatest common factor of 445 and 267?
89
Calculate the greatest common factor of 10 and 125.
5
What is the highest common divisor of 8 and 1752?
8
What is the greatest common factor of 720 and 84?
12
What is the highest common divisor of 288 and 448?
32
What is the greatest common factor of 14 and 175?
7
What is the greatest common factor of 24111 and 18?
9
Calculate the highest common factor of 24 and 115032.
24
What is the highest common divisor of 64 and 32?
32
Calculate the highest common divisor of 37 and 37.
37
What is the greatest common divisor of 323 and 34?
17
Calculate the highest common divisor of 4332 and 48.
12
What is the highest common factor of 749 and 8453?
107
What is the highest common factor of 147 and 105?
21
Calculate the highest common divisor of 96 and 2256.
48
What is the highest common divisor of 13 and 5213?
13
Calculate the highest common divisor of 452 and 4.
4
What is the greatest common divisor of 183 and 282?
3
What is the greatest common divisor of 200 and 160?
40
Calculate the greatest common divisor of 20 and 2260.
20
Calculate the greatest common factor of 30 and 105.
15
Calculate the greatest common divisor of 575 and 125.
25
What is the highest common factor of 148 and 444?
148
Calculate the highest common factor of 1850 and 1295.
185
What is the highest common factor of 30 and 105?
15
What is the highest common divisor of 49 and 2401?
49
What is the highest common divisor of 48 and 320?
16
Calculate the greatest common divisor of 441 and 747.
9
What is the greatest common divisor of 1061 and 4?
1
Calculate the greatest common factor of 92 and 2714.
46
What is the highest common factor of 4123 and 19?
19
Calculate the greatest common divisor of 12 and 804.
12
Calculate the highest common divisor of 11265 and 15.
15
What is the highest common divisor of 204 and 16626?
102
Calculate the greatest common divisor of 37179 and 51.
51
Calculate the greatest common divisor of 69407 and 13.
13
What is the greatest common factor of 6 and 390?
6
Calculate the highest common divisor of 33 and 704.
11
What is the greatest common divisor of 312 and 6?
6
Calculate the highest common factor of 152 and 24.
8
What is the greatest common divisor of 110560 and 160?
160
What is the highest common divisor of 73386 and 27?
27
What is the highest common divisor of 119 and 7?
7
Calculate the greatest common factor of 344 and 9116.
172
Calculate the highest common divisor of 10 and 10.
10
What is the greatest common divisor of 525 and 2975?
175
Calculate the greatest common divisor of 4509 and 9.
9
What is the greatest common divisor of 5 and 80?
5
What is the greatest common factor of 14 and 42?
14
What is the greatest common factor of 464 and 58?
58
Calculate the highest common factor of 1660 and 60.
20
What is the highest common factor of 22 and 29282?
22
Calculate the greatest common factor of 729 and 7533.
243
What is the highest common divisor of 50 and 550?
50
Calculate the greatest common factor of 290 and 29.
29
Calculate the highest common divisor of 1207 and 119.
17
Calculate the greatest common divisor of 171 and 57.
57
Calculate the greatest common factor of 60 and 330.
30
Calculate the greatest common divisor of 408 and 918.
102
What is the highest common factor of 525 and 1680?
105
What is the highest common divisor of 820 and 492?
164
Calculate the greatest common factor of 5219 and 17.
17
Calculate the greatest common divisor of 234 and 558.
18
Calculate the highest common factor of 1672 and 19.
19
What is the greatest common factor of 112 and 5552?
16
Calculate the greatest common factor of 79 and 1264.
79
Calculate the highest common divisor of 13 and 793.
13
What is the highest common divisor of 35 and 196?
7
Calculate the highest common divisor of 2 and 8.
2
Calculate the highest common divisor of 70 and 4655.
35
What is the highest common factor of 4 and 1?
1
Calculate the highest common divisor of 36 and 2152.
4
Calculate the greatest common factor of 145 and 232.
29
Calculate the highest common factor of 186 and 8.
2
Calculate the greatest common divisor of 36 and 108.
36
What is the highest common divisor of 296 and 18426?
74
Calculate the greatest common divisor of 30 and 546.
6
Calculate the greatest common divisor of 36 and 81.
9
What is the highest common factor of 96 and 132?
12
What is the highest common divisor of 847 and 154?
77
What is the highest common divisor of 36 and 474?
6
What is the greatest common factor of 36 and 288?
36
What is the greatest common factor of 350 and 490?
70
Calculate the greatest common factor of 10 and 4440.
10
Calculate the greatest common factor of 414 and 1150.
46
What is the highest common factor of 2895 and 60?
15
Calculate the greatest common divisor of 5 and 3155.
5
Calculate the greatest common factor of 45 and 1280.
5
Calculate the greatest common divisor of 90 and 225.
45
Calculate the greatest common factor of 10 and 562.
2
What is the greatest common divisor of 10 and 4?
2
What is the greatest common factor of 66 and 704?
22
What is the highest common factor of 1620 and 30?
30
What is the highest common factor of 228 and 12?
12
What is the greatest common factor of 1023 and 3441?
93
Calculate the greatest common divisor of 1965 and 15.
15
Calculate the greatest common factor of 8296 and 183.
61
What is the greatest common divisor of 44 and 12?
4
What is the greatest common divisor of 297 and 243?
27
What is the greatest common divisor of 10 and 1040?
10
Calculate the greatest common factor of 1820 and 280.
140
What is the greatest common divisor of 344 and 301?
43
Calculate the highest common factor of 28 and 21.
7
What is the greatest common factor of 1392 and 80?
16
Calculate the greatest common divisor of 54 and 2.
2
Calculate the highest common divisor of 19 and 76.
19
Calculate the highest common factor of 14 and 462.
14
Calculate the greatest common factor of 145 and 4234.
29
Calculate the highest common factor of 25884 and 36.
36
What is the highest common factor of 63 and 6471?
9
Calculate the highest common divisor of 195 and 30.
15
Calculate the highest common factor of 12 and 284.
4
Calculate the highest common factor of 43 and 43.
43
Calculate the greatest common divisor of 65 and 78.
13
What is the highest common divisor of 513 and 2133?
27
Calculate the highest common factor of 350 and 280.
70
What is the highest common factor of 47 and 48833?
47
Calculate the highest common divisor of 105 and 273.
21
What is the highest common factor of 9215 and 190?
95
What is the greatest common divisor of 174 and 13137?
87
What is the highest common divisor of 5 and 2?
1
What is the greatest common divisor of 30 and 510?
30
What is the highest common divisor of 420 and 6258?
42
What is the highest common divisor of 8 and 200?
8
Calculate the greatest common divisor of 420 and 1932.
84
Calculate the greatest common factor of 81 and 18063.
81
Calculate the greatest common factor of 14 and 56.
14
What is the greatest common factor of 10813 and 11?
11
Calculate the greatest common factor of 99 and 306.
9
What is the highest common divisor of 14 and 16408?
14
What is the highest common divisor of 864 and 64?
32
What is the greatest common divisor of 45 and 1215?
45
What is the greatest common factor of 52 and 1651?
13
What is the highest common divisor of 209 and 38?
19
Calculate the gr